
Suppose 5*x + 117 = -3*c, -3*c - c - 5*x - 151 = 0. Let d = c - -38. List the prime factors of d.
2
What are the prime factors of 1973 - (-4)/1*1?
3, 659
Suppose -11*i = -10935 - 5356. What are the prime factors of i?
1481
Let c(q) be the third derivative of q**5/15 + q**4/8 + 14*q**3/3 - 22*q**2. What are the prime factors of c(-5)?
113
Suppose -b = 3*d + 2, -b + 2*d = -2*d - 12. Suppose 4*q + 5 - 41 = -4*j, -b*j + 38 = 5*q. What are the prime factors of j?
7
Let i = -151 + 138. Let h be 284/(-16) + (-1)/4. Let n = i - h. What are the prime factors of n?
5
Let c = 1908 - 672. List the prime factors of c.
2, 3, 103
List the prime factors of (-4)/34 + (-62442)/(-153) - 0.
2, 3, 17
Suppose 978 + 333 = p + 3*l, 3*p - 3*l = 3873. What are the prime factors of p?
2, 3
Let c(s) = 2204*s - 12. List the prime factors of c(1).
2, 137
What are the prime factors of (-35728)/(-32) - 15/(-6)?
3, 373
Suppose 0 = -5*d - 0*d + 410. Let l be (-2)/6 + d/(-6). Let y = -5 - l. List the prime factors of y.
3
Let a = -1317 - -1580. List the prime factors of a.
263
Let o = 19 - 27. List the prime factors of (-4)/16 - 186/o.
23
Let y(a) = 3*a**2 - 4*a + 2. Let l be y(2). Let k be (27/15)/(l/20). Let w = k + 2. What are the prime factors of w?
2
Let a(b) = 8*b - 8. Let o(j) = 16*j - 17. Let y(f) = 7*a(f) - 3*o(f). Let m be ((-18)/(-12))/((-3)/(-4)). What are the prime factors of y(m)?
11
Let d = -13 + 13. List the prime factors of 1*(29 - d) + 2.
31
Let w(c) = -7*c - 25. Let j be w(-4). Suppose -6*a - j*n + 472 = -a, -280 = -3*a - n. List the prime factors of a.
2, 23
Let y(o) = 2*o**3 - 3*o**2 + 1. Let s be y(2). Suppose 5*w - s*k + 414 = -3*k, 5*w - k = -417. What are the prime factors of (-16)/(-6)*w/(-16)?
2, 7
Let y be -9*((-24)/4 - -4). Suppose 78 + y = 3*r. List the prime factors of r.
2
Suppose 7*a = 9*a, -a = 2*v - 4718. List the prime factors of v.
7, 337
Suppose 6*f - f = 0. Let m(s) = s**3 - s**2 - s + 37. List the prime factors of m(f).
37
Suppose 4*s = -5*c - 9, 2*s = -2*c - 1 - 1. Suppose 54 + 170 = s*x. What are the prime factors of x?
2, 7
Let c be (4/6)/(4/18). Suppose 15 = c*z, 760 = -2*v + 7*v - z. Suppose -b + 155 = 2*b - 4*r, -3*r = -3*b + v. What are the prime factors of b?
7
List the prime factors of 1/((-88)/8) - 116492/(-22).
3, 5, 353
Suppose -4184 = -38*o + 36*o + 2*s, 4*o + 3*s - 8396 = 0. What are the prime factors of o?
2, 131
Let s(r) = -10*r**2 - 3*r - 9. Let q(l) = -l**2 - l - 1. Let i(o) = 6*q(o) - s(o). List the prime factors of i(-4).
79
Suppose -3 = -n, -5*p - 2*n + 31 = -0*n. Suppose -3*h + p*f = -538, -3*h - f - 180 = -4*h. List the prime factors of h.
181
Let i(o) = -2*o**3 + 8*o**2 + 116*o + 12. What are the prime factors of i(-9)?
2, 3, 179
Let o = 45 + -20. Suppose 8*g - 3*u = 4*g + 85, 5*u = 25. Suppose 3*x = -2*x + o, 2*b - 3*x = g. List the prime factors of b.
2, 5
Let d = -737 - -1516. List the prime factors of d.
19, 41
Suppose 238 + 163 = r + 3*d, 2*r = -3*d + 793. List the prime factors of r.
2, 7
Let y(z) = -2*z + 123. Let c(x) = x - 61. Let r(p) = -5*c(p) - 2*y(p). What are the prime factors of r(0)?
59
Suppose 4*z - 48 = k, 2*z = 3*k - 2*k + 38. Let x = k + 53. Let t = x - 5. What are the prime factors of t?
2, 5
Suppose -4*v + 3*x + 1005 = 0, 4*v + 0*v - 1025 = -x. Suppose 4*p = 9*p - v. What are the prime factors of p?
3, 17
Suppose a = -7*p + 2*p + 627, a + 507 = 4*p. Let x = 91 + p. What are the prime factors of x?
7, 31
Let l(x) = 3*x**3 + 2*x**2 - 1. Let b be l(1). Suppose 5*y - 4*u = 127, b*y - 91 = -5*u + 27. List the prime factors of (-1383)/(-27) + (-6)/y.
3, 17
Let s(o) = 6*o - 10. Let h be s(4). Suppose -7*r = -h*r + 42. Suppose -w - r = -4*w. What are the prime factors of w?
2
Let j be -338*(4 - 18/4). What are the prime factors of j - (1 - (-2 - 0))?
2, 83
Let i(b) = -179*b - 87. What are the prime factors of i(-10)?
13, 131
What are the prime factors of 30/10 + 195 - (-18)/3?
2, 3, 17
Let j(v) = -3*v**3 + 3*v**2 + 7*v - 4. List the prime factors of j(-5).
3, 137
Let c(r) = r**3 + 6*r**2 + 6*r + 5. Let z be c(-5). Suppose 44 = l + l - 2*b, 5*l - b - 126 = z. List the prime factors of l.
2, 13
Suppose -13*a + 12*a + 941 = 0. List the prime factors of a.
941
List the prime factors of (29*-10)/(((-72)/(-306))/(-2)).
5, 17, 29
Suppose 0 = z - 5*v + 1, 2*v - 3 + 6 = -3*z. Let m = 4 - z. Suppose 3*l - 3*i = 6*l - 12, m*l + 3*i - 22 = 0. List the prime factors of l.
5
Let v(o) = 120*o - 10. Let j be v(4). Suppose 3*m - j = -2*m. What are the prime factors of m?
2, 47
List the prime factors of (2 - 72/(-30))/(4/2020).
2, 11, 101
What are the prime factors of (8 - (-4808)/32)*32/6?
2, 211
What are the prime factors of 1775 + 5 + -2 + 13?
3, 199
What are the prime factors of 143/(((-172)/(-56) - 5) + 2)?
2, 7, 11, 13
Let w be 23/6 + 1/6. Let z be 5/((2 + 2)/w). Suppose z*x - 57 = 2*x. List the prime factors of x.
19
Let r be (-2)/14 + (-58)/(-14). List the prime factors of 73 - 9/((-9)/r).
7, 11
Let r be (42/(-3))/(2 + 0/3). What are the prime factors of (-28)/r - -139*1?
11, 13
Let l be 1*7*(-6)/(-42). List the prime factors of l*(2 - -24)/(4/10).
5, 13
Suppose 0 = -4*i + 6*o - 9*o + 10012, -2*o + 5004 = 2*i. List the prime factors of i.
2, 7, 179
Let u = 284 - 190. Suppose -2*c = -118 - u. Let k = c + -65. List the prime factors of k.
41
Let g = 585 - -1394. List the prime factors of g.
1979
Suppose 2 = -3*p + 5*p + l, 4*p - l - 10 = 0. Suppose -2*f - p = 2*v, -1 - 4 = -4*f - v. Suppose f*x + 5 = 23. List the prime factors of x.
3
Let k = 7 - 4. Let x = 87 - 95. What are the prime factors of 51*k*x/(-36)?
2, 17
Let o(f) = f**3 - f**2. Let a(z) = -11*z**3 - z**2 + 2*z + 1. Let v(r) = a(r) - 2*o(r). What are the prime factors of v(-2)?
3, 5, 7
Let d(h) = -33*h + 1. Let c be d(-2). Let s = -12 + c. Suppose s = -3*n + 259. List the prime factors of n.
2, 17
Let n = 47 + -43. Suppose 3*s + 67 = n*s. List the prime factors of s.
67
Let x = 14 + -136. Let h be 15/(-10) - x/4. Let l = h - 17. What are the prime factors of l?
2, 3
Let g = 48 - 86. Let a = 152 - g. Suppose -a = 2*v - 7*v. List the prime factors of v.
2, 19
Let a = -905 - -2840. List the prime factors of a.
3, 5, 43
Let v(w) = 5*w - 7. Let t be v(4). Let s = 2 - -16. Suppose s*x = t*x + 215. What are the prime factors of x?
43
Let v be ((-3)/1)/(-3)*5. Suppose p = -v, 2*p = -0*m - m + 4. What are the prime factors of m?
2, 7
Suppose t = -2*t + 12. Suppose 0 = 2*i + 2*j - 120, 3*j = t*i + j - 216. What are the prime factors of i?
2, 7
Let b = 73 + -10. What are the prime factors of b?
3, 7
Let y(s) = 3*s**2 - 5*s - 14. Let j be y(-6). Suppose -t + j = t. What are the prime factors of t?
2, 31
Let h = -1432 - -2225. List the prime factors of h.
13, 61
Suppose -4*f + 73 + 107 = 0. Let x be (f/25)/((-6)/(-20)). Let b = x + 69. What are the prime factors of b?
3, 5
Let z(y) = -3*y**3 + y + 5. Suppose 5*c = -3*m + 11, -2*c + 1 = 3*m + 2. List the prime factors of z(m).
83
Suppose 0 = 6*x - 26 + 14. Suppose -2*o - 5*l + 316 = 0, -l = x*o - 3*l - 344. What are the prime factors of o?
2, 3, 7
Let s(j) = -j + 59. Let g = -35 + 44. Suppose 0 = -3*x + g, -k + 14 + 1 = 5*x. List the prime factors of s(k).
59
Let o = -2 - 3. Let r(l) = -64 - 14*l + 125 - 68. What are the prime factors of r(o)?
3, 7
Let j(v) = -2*v + 4. Let b be j(-6). Suppose -b = -5*u + 4. Suppose f + 3 = u*h + 21, -4*f = -2*h - 86. List the prime factors of f.
2, 11
Suppose 0 + 9 = 3*z. Let s be (-1)/((2 - z)/34). Suppose w - s = -g, -61 = -5*g + 3*w + 85. What are the prime factors of g?
31
Let v(w) = -5*w**2 - 29*w**3 + 3*w**2 - w**3 + 1. Let h = 297 - 298. List the prime factors of v(h).
29
Let p = 77 - 18. Suppose 4*q + p - 178 = n, 5*n = -q + 56. What are the prime factors of q?
31
Let l(y) be the second derivative of -y**5/20 - 5*y**4/6 + 5*y**3/6 + 27*y**2/2 - 32*y. List the prime factors of l(-11).
3, 31
Let z(u) = -6*u**2 + 7*u + 20. Let a be z(-6). Let k = 481 + a. What are the prime factors of k?
3
Suppose 0 = 4*v + 2*u - 10372, 4500 = 5*v + 3*u - 8467. List the prime factors of v.
2591
Let c = -293 - -739. List the prime factors of c.
2, 223
Let t = 22 + -20. Suppose 5*a - 2*s - 29 = t*a, a - 13 = 4*s. What are the prime factors of a?
3
Suppose -4*v + 10 + 2 = 0. Suppose -v*i + 32